-1. Suppose 4*n - v = 5. Let m be (10/3)/(n/24). Calculate the highest common factor of m and 10.
10
Let f = 15 + -10. Calculate the greatest common factor of f and 35.
5
Let d = -10 - -18. Let f(x) = x**2 + 7*x + 5. Let w be f(-6). Let t(j) = -89*j - 1. Let h be t(w). Calculate the highest common factor of h and d.
8
Let r = 15 + -9. Let g = 8 - -17. Let w = g - 13. What is the highest common factor of w and r?
6
Suppose 0 = -2*c + c + 134. Let p be c/4 + (-4)/8. Calculate the highest common divisor of p and 22.
11
Let s(j) = -4*j + 2. Let l(b) = b + 1. Let x(c) = 3*l(c) - s(c). Let m be x(5). Calculate the greatest common divisor of 4 and m.
4
Let u = -95 + 66. Let z = 18 + u. Let f be 1/(3/(-9)) - z. What is the greatest common factor of f and 72?
8
Suppose -20 - 10 = -3*i. Let j(s) = -2*s**3 - 4*s**2 - 4*s. Let a be j(-3). Suppose -4*z + 110 = a. What is the greatest common divisor of i and z?
10
Let y be (2 + 0)/((-2)/5). Let r = y - 3. Let b be 12/r*(-1 + -5). Calculate the greatest common factor of 6 and b.
3
Suppose -2*o = -3*k - 9, -o = 4*o - 3*k - 18. Let g be 7*(5 - o) + 2. What is the highest common factor of 4 and g?
4
Suppose 0 = -4*s + 5*s - 82. Let a = s + -31. Calculate the highest common factor of 34 and a.
17
Let x = 20 - 8. What is the greatest common factor of 8 and x?
4
Let d(t) = t**3 + 3*t**2 + 2. Let b be d(-2). Calculate the greatest common factor of b and 6.
6
Suppose 2*a = -5*i + 4*a - 35, 52 = -3*i - 5*a. Let h be -2 - -3*(-132)/i. Calculate the highest common divisor of h and 14.
14
Let r be ((-21)/(-6) + -3)*10. Suppose 0 = -r*v + 284 + 556. What is the highest common factor of v and 24?
24
Suppose -1 - 5 = 3*v. Let p be 3/(-2) + v/(-4). Let f(b) = -b. Let n be f(p). What is the greatest common divisor of n and 2?
1
Let q(m) = -m**3 + 8*m**2 + 22*m - 8. Let j be q(10). Calculate the highest common factor of 96 and j.
12
Let o(u) = -u - 15. Let p be o(-7). Let w(y) = -y - 7. Let k be w(p). Calculate the greatest common divisor of k and 1.
1
Let w be -1*4/(-4) - -50. Calculate the greatest common divisor of 51 and w.
51
Suppose -2*l + 5 = -17. Calculate the highest common divisor of 11 and l.
11
Let o = 8 - 14. Let p(t) = -4*t**2 - 11*t + 2. Let r(f) = f**2 + f. Let m(n) = p(n) + 3*r(n). Let c be m(o). What is the highest common factor of c and 154?
14
Let f = -6 + 19. Let x = 21 - f. What is the greatest common divisor of x and 16?
8
Suppose 0 = 3*b - 5*l - 5 + 2, -b = -5*l - 11. Let v(a) = -13*a - 8. Let r be v(b). Calculate the greatest common divisor of 11 and r.
11
Suppose 2*i - 4 = -2*p + 4, -4*i + 4 = p. Calculate the highest common divisor of 20 and p.
4
Let b be 28/(-3)*6/(-4). Let q be -10*-2*(-1)/(-4). Suppose -70 = 3*v - q*v. Calculate the highest common divisor of v and b.
7
Let z be -3*1/(-3) - 1. Let k = z - 7. Let l(b) = 2*b**2 - 3*b - 9. Let u be l(k). What is the greatest common factor of u and 22?
22
Let q be 196/(-16) + 2/8. Let u = q + 28. Calculate the greatest common factor of u and 24.
8
Suppose w - 2*w = 0. Suppose 4*h - h - 15 = w. Suppose 2*t + 0*t = n + 2, h*n = t + 8. What is the highest common divisor of n and 14?
2
Let d = -7 + 13. Let t = 9 - d. Suppose -5*c = -19 - 26. What is the highest common factor of t and c?
3
Suppose c = -0*c + 12. Let b(v) = 7*v**3 + v. Let l be b(1). Calculate the highest common divisor of c and l.
4
Suppose -5*u - 50 = -3*k, -u = -5*k - 2*u + 46. Calculate the greatest common factor of 25 and k.
5
Let k be (3/(-2) + 0)*(0 - 2). What is the greatest common factor of k and 24?
3
Suppose -g + 14 + 10 = -5*c, -4*g - 19 = 3*c. Let w be (g - (-59)/2)*6. Let n be (-36 + -2)*1*(-3)/6. What is the greatest common divisor of w and n?
19
Suppose m + 51 = 4*l - 33, 3*l - 4*m = 50. Suppose -3*r + 5 = -l. Calculate the greatest common factor of r and 9.
9
Suppose 5 = -s - b - 0, 0 = -2*s - 3*b - 14. Let u be (-6 - (6 - 3))/s. Calculate the highest common divisor of u and 27.
9
Suppose 24*v - 27*v + 39 = 0. Calculate the greatest common factor of v and 13.
13
Let n be (-236)/(-2) - (0 + -3). Calculate the greatest common factor of n and 11.
11
Let i = -19 - -41. Let o(n) = -3*n**2 + 1. Let w be o(-1). Let b = 4 + w. Calculate the greatest common divisor of b and i.
2
Suppose 13*m = -151 + 1789. Let j = -5 + 19. What is the highest common divisor of m and j?
14
Let i be 30/(-8)*(-1 - 3). What is the greatest common factor of i and 10?
5
Suppose 0 = -2*l + 159 + 7. Suppose -13 - l = -4*p. Calculate the greatest common factor of 3 and p.
3
Let t(u) = 5*u**2 + 9*u + 9. Let v be t(-6). Suppose 5 + 10 = h. Calculate the highest common divisor of h and v.
15
Let f = -21 + 38. Let o(v) = 118*v**3 + 2*v - 1. Let t be o(1). What is the highest common factor of t and f?
17
Let f(v) = 2*v**3 - 7*v**2 + 7*v + 2. Suppose 2*u + 2*u = 20. Let o be f(u). What is the highest common factor of o and 14?
14
Let r be 30/9*3/2. Calculate the highest common divisor of 15 and r.
5
Let r be 1023/44*(-2 + 14). What is the highest common factor of r and 31?
31
Let u be -1 + (2/(-4))/((-5)/50). Calculate the highest common factor of u and 92.
4
Suppose 2*d + 165 = 4*w + 47, -w + 37 = d. What is the greatest common divisor of 8 and w?
8
Let k(t) = t**2 - 8*t. Let w be k(8). Suppose s = 4*j - 0*s - 11, j + 3*s + 7 = 0. Suppose l - j*l + 5 = w. Calculate the greatest common divisor of 5 and l.
5
Suppose -10*z - 38 + 638 = 0. Suppose -14 = -4*y + 46. Calculate the greatest common divisor of y and z.
15
Let w = -79 + 114. Suppose -w = -5*b + 3*g, -2*g + 5*g - 7 = -b. Calculate the greatest common factor of b and 49.
7
Suppose -4*y = 5*l - 176, 3*y - 6 = -l + 27. What is the highest common divisor of 9 and l?
9
Let g = 62 + -22. What is the highest common divisor of 5 and g?
5
Let n = 2 + -2. Let l be -46 - (n/1 - 1). Let p be 1/(-1 - 48/l). Calculate the greatest common factor of 150 and p.
15
Let f be -2*(-2 + (-11)/2). Let o = -5 - -8. Suppose 2*a + 36 = o*k, 4*k = 3*k - a + 7. What is the greatest common factor of k and f?
5
Let z(m) = 5*m**2 - 1. Let c be z(-1). Suppose c + 0 = f. Suppose 0*u - 12 = -f*u. What is the highest common factor of 12 and u?
3
Suppose 6*p - r = 3*p - 9, -3*p + 3*r = 9. Let i(n) = -n**3 - 2*n**2 - n + 3. Let t be i(p). What is the highest common factor of t and 5?
5
Let l be 4/(2 - (-30)/(-14)). Let h = -13 - l. What is the greatest common factor of h and 10?
5
Let b = 43 + -31. Calculate the highest common factor of 6 and b.
6
Suppose 0 = -3*m - m - 916. Let i = -149 - m. Calculate the highest common factor of 20 and i.
20
Let g be (4 + 0)/(2/2). Let i = -3 - -3. Suppose i = y + g*y - 195. What is the greatest common divisor of y and 26?
13
Let d = -10 + 21. Let c(j) = j**2 + 6*j + 16. Let x be c(-5). Calculate the highest common divisor of x and d.
11
Suppose 2*t + a = 11, -t = 3*a - 14 - 4. Suppose 2*p - 6 = -p. What is the greatest common factor of p and t?
1
Let z = 16 - 9. Suppose -3*r - 96 = 24. Let i = r - -103. What is the highest common divisor of i and z?
7
Suppose v + 5*s + 98 = -3*v, -108 = 5*v - s. Let d = 41 + v. Let j(m) = 38*m**2 - 2*m + 4. Let z be j(2). What is the highest common divisor of z and d?
19
Let g = 97 + 13. What is the greatest common factor of g and 275?
55
Suppose -2*u + 4*a - 76 = 0, -u = -0*a + 3*a + 38. Let p = u + 4. Let d = p - -58. What is the highest common divisor of d and 12?
12
Let b be (-243)/2*(-8)/12. Let t = 23 - 14. What is the greatest common factor of b and t?
9
Let q be ((-1)/1 - -789) + 1. Let f = -470 + q. Calculate the greatest common divisor of f and 29.
29
Suppose -b = 4*t - 158, 4*b = 2*t + t + 651. Calculate the greatest common divisor of 36 and b.
18
Let n(i) = 20*i - 120. Let t be n(10). Let s(u) = -3*u + 1. Let z be s(-5). What is the highest common divisor of t and z?
16
Let l(n) = n**2 + 4*n - 6. Let i be l(-6). Let g be 4/i + 37/3. Calculate the greatest common factor of g and 117.
13
Suppose -5*w + 26 = -p, 3*w - 12 = w + 2*p. What is the greatest common factor of 40 and w?
5
Let v = -39 + 137. Let s be 4*2 - (-2)/1. Suppose -2*i + s = -18. Calculate the highest common factor of v and i.
14
Let h = 14 + -23. Let n be 17/4 + h/(-12). What is the greatest common divisor of n and 15?
5
Let x = -4 + 1. Let v b